10
Let s(t) = -t**3 - t**2 - 15. Let k(m) = -m**3 - 3*m**2 + 2*m - 5. Let y be k(-4). Let p be (y + -4 + 0)*(-1 - -1). Give s(p).
-15
Let n(u) = 2*u**2 - 11*u - 31. Let q be n(7). Let x(w) = -w**2 - 7*w + 23. Determine x(q).
-7
Let i(k) = 9*k**2 - 3*k + 4. Let q(r) = -7*r**2 + 2*r - 3. Let b(t) = -2*i(t) - 3*q(t). Determine b(-1).
4
Let x = -14 + 17. Suppose 4 = -x*n - 17. Let u(d) = -d**3 - 8*d**2 - 7*d - 1. Calculate u(n).
-1
Suppose 0 = -3*i + 2 + 4. Let v(t) = t**3 + 2*t + 13*t**2 + 7 - i*t**3 - 20*t**2. What is v(-7)?
-7
Let w(v) be the first derivative of v**4 - v**3/3 + v**2/2 + v + 138. Determine w(-1).
-5
Let d = 2 - 1. Let k(j) be the first derivative of 9*j**4/4 - j - 3929. Give k(d).
8
Let c(p) = p**2 + 12*p - 3. Suppose k + 3*k - 5*u = -44, 5*k = 5*u - 55. What is c(k)?
-14
Let t(w) be the first derivative of -w**2/2 - 10*w - 627. Give t(-5).
-5
Let h(a) = -6 + a + a**2 - a**3 - a**2. Let w(d) = d**3 + 4*d**2 - 4*d + 5. Let k be w(-5). What is h(k)?
-6
Let a(x) = -4*x - 2 + 4 - 2*x**2 + x**2. Let d = -20 - -22. Suppose 2*w = -5*n + 7 - 26, 3*w = d*n. What is a(n)?
5
Suppose 0*f = -5*f. Let n = -204 + 197. Let w = n + f. Let z(y) = y**2 + 9*y + 9. Give z(w).
-5
Suppose 0*a + 6 = -a - 2*s, 5*a + 5*s = -15. Suppose k + 6*k = a. Let j(d) be the third derivative of d**5/60 + 4*d**3/3 - d**2. What is j(k)?
8
Let c be (-1365)/(-52) - (-2)/(-8). Let h = c + -23. Let f(j) = 2*j**2 - 3*j - 3. Calculate f(h).
6
Suppose 62*n = 72*n + 190. Let u(z) = -z**2 - 19*z - 11. Determine u(n).
-11
Let r(h) = -3*h**3 + 6*h**2 - h - 3. Let d(x) = 8*x**2 - 7*x**3 + 5*x**2 - 3*x + 0*x**3 - 6. Let i(c) = -2*d(c) + 5*r(c). Determine i(3).
9
Let a(n) = n**2 + n + 1. Let o(f) = -f + 22. Let l be o(9). Suppose l*i + 8 = 5*i. Give a(i).
1
Let c(s) = -438*s**2 + s**3 + 246*s**2 + 202*s**2 + 1. Suppose 0 = -5*j + 5*w - 25, 3*j + 5*w - w = -50. Determine c(j).
1
Let a(p) = -p + 43. Let y be a(12). Let l(o) = -30*o + 0 + y*o + 4. What is l(-4)?
0
Let b(l) = 18*l**2 + 10*l + 3. Let u(m) = -5*m**2 - 3*m - 1. Let d(t) = -2*b(t) - 7*u(t). Suppose 0 = -3*a + 8 + 1. Let p(w) = w - 4. Let x be p(a). Give d(x).
-1
Suppose -n = -0*n. Let d = n - -5. Let t(y) = 2*y - 157. Let b(s) = s - 71. Let i(u) = -9*b(u) + 4*t(u). What is i(d)?
6
Let q(u) be the first derivative of -u**2/2 - 5*u + 45. Determine q(-12).
7
Let t(y) = -y**3 - 377*y + 753*y - 382*y + 9 + 5*y**2. What is t(4)?
1
Let f(c) = -12 - 476*c - 15 + 479*c. Determine f(11).
6
Let r(w) be the second derivative of w**4/3 + w**3/6 - w**2 + 3*w + 6. Give r(-2).
12
Let i(q) = q**2 + 9*q - 6. Let n(y) = y**3 - 6*y**2 + 7*y - 5. Let x be n(4). Let h be i(x). Let g be (-18)/8*8/h. Let k(b) = b**2 - 2*b - 1. Give k(g).
2
Let j(d) = -d**2 + 5*d - 1. Suppose 5*c + 2*o = 38, -c + 14 = 8*o - 6*o. Calculate j(c).
-7
Let d(h) = -123 - 6*h + 61 + 7*h**2 + 57 + h**3. Calculate d(-8).
-21
Let n(o) = 3*o**2 + 7*o + 1. Let b(c) = -4*c - 4*c**2 + 4*c + 3*c**2 - c. Let s(f) = 4*b(f) + n(f). What is s(3)?
1
Suppose 5*u + 2 = -b, 3*u = -3*b - 8 + 2. Let l(r) be the first derivative of -r**3/3 + r**2/2 + 8*r + 48. What is l(u)?
8
Let a(g) = -g**3 - 4*g**2 + 5*g + 2. Let m be a(-5). Let j(o) = 1 + o**m - 3*o - 1 + 1. Let t be (-17)/(-4) - 1/4. Give j(t).
5
Let q(a) = a**3 - 8*a**2 - 7*a + 5. Let g be q(9). Suppose 10*k + g = 9*k. Let d = 21 + k. Let y(z) = 2*z - 1. Give y(d).
-5
Suppose 2*d - 4*d = 5*z + 8, 0 = -d - 4. Suppose 0 = 4*y + 3*q + 10, z = 5*y - q + 3. Let g(u) = 5*u**2 + u + 1. Determine g(y).
5
Let r be 2/4 - (-2)/(-4). Let n(u) = u + 51. Give n(r).
51
Suppose -2*c = -2*f - 16, 32 = -4*f - 10*c + 15*c. Let t(w) = -w**2 - 8*w - 8. What is t(f)?
-8
Suppose 11*l = -7*l + 8*l. Let d(u) = -2*u. Calculate d(l).
0
Suppose 5*h + 18 + 12 = -3*g, 4*g + 18 = -3*h. Let y(t) = 15 - 391*t + 199*t - 1 + 193*t. Determine y(h).
8
Let w(i) = -i + 1. Let l be (-122)/(-3) + 3/9. Suppose 3*q + l = 3*x - 145, -6 = 3*q. Let d be ((-4)/10)/(4/x). Determine w(d).
7
Suppose 2*s - 14 + 18 = 0. Let o(c) = -12*c + 2. What is o(s)?
26
Let i(y) = -y**3 + 7*y**2 - 18*y + 20. Let l be i(4). Let w(d) = d**3 + 5*d**2 + 3*d - 4. Give w(l).
0
Let u(l) = l**2 - 1. Let v(b) be the second derivative of -b**4/3 - b**3 - 3*b**2/2 + 55*b. Let k(m) = 5*u(m) + v(m). Give k(6).
-8
Let n(q) = 1 + 21*q - 33*q + 20*q. What is n(3)?
25
Let a(j) = -j**3 + j**2 + 3*j - 4. Suppose 5*y = -4*d + 7, -2*d = 2*y - 0*d - 2. What is a(y)?
-13
Suppose -n - 103 = -100. Let q(x) = x - 4. Suppose 0 = 2*t + 4 + 4. Let r(s) = -s + 5. Let v(h) = t*q(h) - 3*r(h). What is v(n)?
4
Suppose 5*g - 10 = -0. Let v(p) = 2*p**2 - p**2 + 6 + 2*p - 8. Determine v(g).
6
Let u(f) be the second derivative of f**6/360 + f**5/20 + f**4/6 + 3*f**3/2 + 5*f. Let q(g) be the second derivative of u(g). Give q(-6).
4
Suppose -6*l + 72 = 60. Let c(m) = -m**2 + m - 4. What is c(l)?
-6
Let m(u) = 32*u**2 + 2*u**3 - u**3 + 26*u**2 - 61*u**2. What is m(3)?
0
Let v be ((-16)/(-20))/((-2)/(-5)). Let m(r) = 4 + 10*r**2 - v*r**3 + r**3 - 17*r**2 + 2*r**2. Give m(-5).
4
Let l(o) = -97*o**2 + 10*o**3 - 103*o**2 - 2*o + 1 + 201*o**2. Determine l(1).
10
Let a(s) = 7*s + 2. Let r(y) = -20*y - 6. Let t(g) = -3*a(g) - r(g). Give t(-4).
4
Suppose 0 = 6*p + 53 - 59. Let q(g) = -6*g**3 - 2*g**2 + g. Determine q(p).
-7
Let f be ((-396)/(-154))/((-2)/14). Let p(w) = -2*w - 39. Calculate p(f).
-3
Let l(x) = 2*x**2 - 11*x - 3. Let s(t) = t**2 - 5*t - 2. Let c(w) = 4*l(w) - 9*s(w). Let v be c(2). Let r(u) = -u**3 + 3*u**2 + 3*u - 1. Give r(v).
-5
Let x(y) = -7*y**3 - 6*y**2 - 7*y - 2. Let r(m) = 20*m**3 + 18*m**2 + 19*m + 7. Let j(a) = 6*r(a) + 17*x(a). Determine j(-7).
-6
Let v(h) = -h + 11. Let b = 249 + -230. What is v(b)?
-8
Let f(o) = 5*o + 1. Let i(d) = d. Suppose 0 = 2*k + 8 - 0. Let h be (-8 - (-6 - k))/2. Let l(w) = h*i(w) + f(w). Determine l(-1).
-1
Suppose -40*h + 32*h = 0. Let b(q) = q - 28. What is b(h)?
-28
Let p(d) be the first derivative of 35 + 0*d - 7/2*d**2. What is p(-1)?
7
Let m be (-435)/(-75) + (-2)/(-10). Suppose -6 + 18 = m*n. Let v(i) = -2*i**2 + 2*i - 1. Give v(n).
-5
Let d(k) be the third derivative of 1/60*k**5 + 1/3*k**4 + 0 - 1/3*k**3 + 0*k + 17*k**2. Determine d(-6).
-14
Let n(x) = -x**2 + 14*x - 7. Suppose -5*h + 2*d = -78, -4*h - 3*d - 14 + 58 = 0. Give n(h).
-7
Let f(t) = -t**2 + 3*t - 1. Suppose -9*g - 1403 = -1376. Give f(g).
-19
Let i be -5 - (14 + 4)/6. Let w(n) = 1. Let x(h) = -2*h - 13. Let u(v) = -4*w(v) - x(v). What is u(i)?
-7
Let y be -2 + 8 + -5 + 3. Let f(k) = -7 + y*k - 19*k**2 + 3*k + 7*k**2 + 11*k**2. What is f(5)?
3
Let l = -110 - -103. Let x(w) = w**2 + 7*w - 7. What is x(l)?
-7
Let f(j) = j**2 + 4*j - 1. Suppose -4 = b - 3*b. Let k be (-16 - -15) + 6/b. Suppose -k*w = -s + 7, 5*w = -s + 2*s - 16. Give f(w).
-4
Let n = -13 - -15. Let o(v) = 116*v + 39 - 40 - 115*v - 2*v**2. Calculate o(n).
-7
Let l(t) = t**3 + 6*t**2 - 4. Suppose 3*d - 4*g + 18 = 0, -5*g + 7*g = -4*d - 24. What is l(d)?
-4
Let j = -10 - -16. Suppose -3*v + x + 16 = 0, 2*x - 28 = -3*v + j*x. Let l(g) = -7*g**3 - 5*g**2 + v + 14*g**3 - 6*g**3 + g. Determine l(4).
-8
Let g(y) = y**2 + 6*y + 6. Suppose 3*f - v + 21 = 0, 11*v + 9 = -3*f + 8*v. Calculate g(f).
6
Let i(v) be the third derivative of v**5/30 - v**4/12 - 4*v**3/3 - 64*v**2. Give i(5).
32
Let d(s) = -2*s - 4. Let z be (-2)/8 + (-77)/44. Let y be (3 + 0)/((-2)/z). Suppose -20 = y*x + 2*x. What is d(x)?
4
Let h(v) be the first derivative of -1/2*v**3 + 8*v - 1/12*v**4 + 3/2*v**2 - 4 + 1/10*v**5. Let o(p) be the first derivative of h(p). Give o(2).
9
Let m(b) = -b + 10. Let o = -26 - -38. Suppose -3*g + 9 = -o. Let l be m(g). Let u(t) = -t**2 + 3*t. Calculate u(l).
0
Let b(f) be the second derivative of 6*f + 1/20*f**5 + 0 + 13/12*f**4 + 2*f**3 - 3*f**2. Let v be b(-12). Let z(a) = -a**2 - 5*a - 3. Determine z(v).
-9
Let k(n) = -17*n - 15. Let b(m) = 8*m + 7. Let o(p) = -9*b(p) - 4*k(p). Let l = -114 + 107. Calculate o(l).
25
Let i(g) = 14*g**2 - 7*g**2 - 6*g**2 - 10*g**2 - 31 - g**3 + 4 - 4*g. What is i(-9)?
9
Let p be 45/(-6)*-4 - 2. Suppose 0 = -7*f - 21 - p. Let m(q) = -q**3 - 8*q**2 - 9*q - 10. What is m(f)?
4
Let g(n) = 4*n - 1. Let i(h) = 7*h - 1. Let v(m) = 11*g(m) - 6*i(m). Determine v(-8).
-21
Let q be 5*3*(-1)/(-3). Suppose 22*x - q = 27*x. Let b(v) = v**2